. Let t be 39 - (n - -3 - -2). What is the greatest common factor of t and o?
7
Suppose -2*r - 11*s + 347 = -16*s, 3*r - 458 = -5*s. Suppose -4 = -5*l + 111. What is the highest common divisor of l and r?
23
Let i be (12*-1)/(2/(-11)). Let d = i - 21. Suppose -4*y - 5*v + 2*v + 30 = 0, 0 = 2*v + 4. Calculate the greatest common divisor of y and d.
9
Suppose 2*i - 18 = 5*q, 0 = -2*i + i - 2*q. Suppose i*x - 7 = 33. Suppose -4*a - x - 20 = -w, 60 = 4*w - 4*a. Calculate the greatest common factor of w and 10.
10
Let w = 33 + -10. Let g be (-90)/(-5) + -3 + 8. What is the greatest common factor of g and w?
23
Let u = 106 + 30. Let t be u/36 - (-4)/18. Calculate the highest common factor of t and 36.
4
Let r = -612 - -701. What is the greatest common divisor of r and 445?
89
Suppose j - 4 = -2. Let a be ((-1)/1)/(j - 3). Let p be 1/(-1)*(a + -31). What is the greatest common divisor of 20 and p?
10
Let g be (-4)/((-20)/15) + 120. Let q = g + -77. Calculate the greatest common divisor of q and 230.
46
Let k be (-141)/(-12) - 22/(-88). What is the highest common factor of k and 144?
12
Suppose 0*s + 9 = 3*l + 5*s, -2*s + 6 = 0. Let k be (l/8*-6)/((-9)/(-132)). What is the greatest common factor of k and 242?
22
Let k = 7 - -12. Suppose 2*j + k = 115. What is the highest common factor of 16 and j?
16
Let d(j) = -j**2 - 47*j - 294. Let i be d(-38). Calculate the highest common divisor of 24 and i.
24
Suppose -1020*q + 341 = -1009*q. What is the highest common divisor of q and 961?
31
Let f = 1035 - 396. Calculate the highest common factor of 9 and f.
9
Suppose -2*w + 57 - 9 = 0. Calculate the greatest common divisor of 12 and w.
12
Suppose 2*c + 3*c = -45. Let p = c + 39. What is the highest common factor of 50 and p?
10
Let o(u) = -16*u + 36. Let r be o(-10). Calculate the highest common factor of 4 and r.
4
Let i be -3 - -10 - (-112)/16. What is the greatest common factor of i and 7?
7
Let i = 123 - 95. Let t(g) = 8*g**2 - 2*g + 1. Let f be t(1). Calculate the highest common divisor of f and i.
7
Suppose 5*g + 3*c = 17, 5*g - 7*g - 3*c = -5. Let a(d) = d**2 - 4. Let t be a(g). Let f be -8*((-3)/2)/1. What is the greatest common divisor of f and t?
12
Suppose -1214 = -5*i + 2*z + 2346, 0 = 2*i - 5*z - 1424. Calculate the highest common factor of 8 and i.
8
Suppose -5*y + 543 = -232. What is the highest common factor of y and 62?
31
Suppose 5*t + 505 = 5*u, -8*u + 409 = -4*u - 5*t. What is the highest common divisor of 600 and u?
24
Suppose 4*l - 447 = -307. What is the greatest common divisor of l and 35?
35
Let t(d) = -d - 6. Let m be t(-7). Let w be (1 - -1)/(6/12). Suppose -3*a = -4*p - 13, 0*p - w*p = -4*a + 16. What is the greatest common divisor of m and a?
1
Suppose -5*o + 192 = -468. Suppose r - 12 + 0 = 0. Calculate the greatest common divisor of o and r.
12
Let r(n) = n**3 + 46*n**2 + 21*n + 272. Let o be r(-45). What is the greatest common divisor of o and 8?
8
Let b = 111 + -30. Let v be 18/(2/(-6)*b/(-72)). What is the highest common divisor of 6 and v?
6
Let b be (-1)/(10/(-4)) + (-272)/(-170). What is the greatest common divisor of b and 18?
2
Suppose -3*w + 53 = -4. Let t be (4/8)/((-1)/(-38)). Calculate the highest common factor of w and t.
19
Let f be (-5 + (-85)/(-15))*39. Let c be 20/(4 - 150/39). Calculate the highest common divisor of c and f.
26
Let u = -183 + 357. Calculate the highest common factor of u and 24.
6
Let x(a) = -84*a - 4. Let l = -20 + 19. Let z be x(l). Calculate the highest common factor of 16 and z.
16
Let z(j) = 2*j**2 + 107*j - 232. Let h be z(-56). Calculate the greatest common divisor of h and 72.
24
Let a = 764 + -754. What is the greatest common divisor of a and 1370?
10
Suppose -4*d = 5*f - 5*d - 359, -2*f + 143 = -d. Let o be 6/(-4 + (-38)/(-8)). What is the greatest common factor of f and o?
8
Suppose -4*x + 15 = 4*z + 7, 0 = 2*x + 6. Calculate the highest common divisor of 8 and z.
1
Let y(b) = 580*b**3 + 8*b**2 - 6*b - 1. Let i be y(1). What is the greatest common divisor of 166 and i?
83
Let d = 14 - 13. Suppose -2*j = -3 - d. Let k = -18 + 40. What is the highest common factor of j and k?
2
Let k(n) = 2*n**3 - 3*n**2 + 16*n - 54. Let m be k(3). What is the highest common divisor of m and 112?
7
Let m = -614 + 637. Let x be -3 - -1 - -1*71. What is the greatest common factor of x and m?
23
Let o(n) = -n**2 - 35*n + 291. Let s be o(-41). Calculate the greatest common divisor of s and 153.
9
Let t be (-2 + 4/3)*-3. Suppose 14*h - 25 = 9*h. Suppose 2*d - 212 = -5*f, -h*f = -f + t*d - 170. What is the greatest common factor of f and 28?
14
Let p be ((-6)/(-3) + -42)/1. Let k = p - -79. Let j be (-260)/k*(-6)/4. Calculate the greatest common factor of j and 10.
10
Suppose 0 = 4*i, 5*x + i - 162 = 3*x. What is the highest common factor of x and 729?
81
Let i(b) = 2*b + 8. Let u be i(5). Suppose 2*v - d - 69 = 0, 5*v - 162 = 5*d + u. What is the greatest common factor of 297 and v?
33
Let a(k) = 5*k - 11. Let z be a(5). Suppose -11*b - 81 = -z*b. What is the highest common divisor of 297 and b?
27
Let h(s) = -s - 3. Let w be h(-1). Let c be -4*(4 + (-56)/w). Let n be c/(-4 - -2) - -2. Calculate the highest common divisor of n and 11.
11
Suppose 46*k = 51*k - 1440. What is the highest common factor of 72 and k?
72
Let a(m) be the first derivative of m**2 + 7*m - 58. Let z be a(1). Calculate the greatest common factor of 99 and z.
9
Let x(p) = 7*p**2 + p - 6. Let n be x(1). Calculate the highest common divisor of 146 and n.
2
Let a(u) = 5*u + 1. Let p be a(7). Suppose x + p = 3*r - 13, -2 = 2*x. Calculate the highest common divisor of r and 128.
16
Let c(b) = -1 + 2 - 10*b + 10*b**2 + 4*b + 4*b. Let x be c(-2). What is the greatest common divisor of x and 45?
45
Suppose -214 = -23*m + 16. Calculate the highest common factor of 310 and m.
10
Suppose h + 128 = -3*z - 2*z, -z + 146 = -h. Let c = h + 165. Let s = 7 + -5. What is the greatest common factor of s and c?
2
Suppose 5*x + 7*g - 182 = 6*g, -g + 146 = 4*x. Calculate the greatest common divisor of x and 12.
12
Let f(k) be the first derivative of k**3/3 + 9*k**2/2 + 12*k - 5. Let s be f(-8). Let r be (s - -8)*(-4)/(-1). Calculate the greatest common factor of r and 16.
16
Suppose 0 = 3*w - 78 - 285. Suppose 2*t = -14*t + 176. Calculate the highest common factor of t and w.
11
Let s = 1701 + -1415. What is the greatest common divisor of s and 715?
143
Let k be ((-4)/14 - (-9420)/140) + 4. Calculate the greatest common factor of k and 1349.
71
Suppose 0 = -67*x + 109*x - 61236. Calculate the greatest common factor of x and 18.
18
Suppose u = -17 + 34. Let z = u - 13. Suppose -4*a + p + 558 = 0, 6*a - z*p = 3*a + 412. Calculate the greatest common divisor of 14 and a.
14
Let k(m) = 2*m**3 + 3*m**2 - 11*m + 18. Let s be k(5). Calculate the greatest common factor of s and 216.
72
Suppose k = -3*c + 5*k + 20, 5*c - 5*k - 30 = 0. Calculate the greatest common divisor of 45 and c.
1
Let a(s) = -s**2 - 48*s - 141. Let p be a(-18). Calculate the greatest common divisor of 228 and p.
57
Let j = 98 - 32. Let r be (-3)/(-2) - (-90)/4. Suppose r = p + 3*p. Calculate the highest common factor of p and j.
6
Let s = 1313 + -1153. What is the greatest common divisor of s and 20?
20
Suppose -3*k - 18 = -9*k. Suppose -k*y + 5*y = 32. Calculate the greatest common factor of y and 2.
2
Let w(l) = -20*l - 26. Let n be w(-2). Calculate the greatest common divisor of 126 and n.
14
Let y be 1221/18 - 1/(-6). Let b be y/6 - 1/3. Suppose 0 = -3*r - h + 365, -26*r = -29*r + 4*h + 355. Calculate the greatest common factor of r and b.
11
Suppose 0 = y, -4*f + 283*y = 282*y - 64. What is the highest common divisor of 4528 and f?
16
Let k(l) = -3*l + 3. Let u be k(0). Let y = 13 + u. Let z = -39 + 79. Calculate the highest common divisor of y and z.
8
Suppose 0 = 4*t + 3*s - 237, 123 = -15*t + 17*t - 3*s. What is the highest common divisor of t and 165?
15
Let c be 693/(-66)*10/(-7). Calculate the greatest common divisor of c and 65.
5
Suppose 7*p - 56 = 11*p. Let i be (0 - 4)/(1/p). Calculate the greatest common factor of 8 and i.
8
Suppose -17*i + 7*i - 480 = 0. Let s be (345/(-4))/(-5)*4. Let z = i + s. What is the highest common factor of z and 14?
7
Suppose 2*k + 4*f - 578 = 0,